{"id":313,"date":"2018-01-17T01:28:34","date_gmt":"2018-01-17T00:28:34","guid":{"rendered":"http:\/\/dev.przyladek.org.pl\/?page_id=313"},"modified":"2023-11-27T08:55:31","modified_gmt":"2023-11-27T07:55:31","slug":"wesprzyj-nas","status":"publish","type":"page","link":"https:\/\/przyladek.org.pl\/index.php\/fundacja-lepszy-start\/wesprzyj-nas\/","title":{"rendered":"Wesprzyj nas"},"content":{"rendered":"<div class=\"wpb-content-wrapper\"><p>[vc_row][vc_column][vc_column_text]<\/p>\n<h5><strong>Nasz\u0105 Fundacj\u0119 mog\u0105 Pa\u0144stwo wspiera\u0107 poprzez:<\/strong><\/h5>\n<ul>\n<li>Darowizn\u0119<\/li>\n<li>Uczestnictwo w aukcjach charytatywnych naszej Fundacji na Allegro<\/li>\n<li>Zakupy online w serwisie FaniMani<\/li>\n<li>Przekazanie 1% podatku<\/li>\n<\/ul>\n<p><strong>Serdecznie dzi\u0119kujemy wszystkim, kt\u00f3rzy do\u0142o\u017cyli swoj\u0105 cegie\u0142k\u0119 i razem z nami pragn\u0105 budowa\u0107 i wspiera\u0107 dzia\u0142alno\u015b\u0107 fundacji \u201eLepszy Start\u201d.<\/strong>[\/vc_column_text][vc_tta_tabs active_section=&#8221;1&#8243;][vc_tta_section title=&#8221;Darowizna&#8221; tab_id=&#8221;1516149372586-2407daa4-18f1&#8243;][vc_column_text]Darowizna na konto Fundacji \u201eLepszy Start\u201d<br \/>\nRado\u015bci 2, 05-808<br \/>\nParzniew, Polska<br \/>\nnr konta: 93 1090 2398 0000 0001 1065 0076<br \/>\nKRS 0000317555<br \/>\ncel szczeg\u00f3\u0142owy: <strong>PRZYL\u0104DEK<\/strong>[\/vc_column_text][\/vc_tta_section][vc_tta_section title=&#8221;Aukcje&#8221; tab_id=&#8221;1516149372586-0340c01f-1348&#8243;][vc_column_text]Pragniemy poinformowa\u0107, \u017ce nasz\u0105 Fundacj\u0119 mo\u017cna wspiera\u0107 r\u00f3wnie\u017c za pomoc\u0105 aukcji. Link do najbardziej aktualnych aukcji umieszczamy poni\u017cej:<\/p>\n<p><strong><a href=\"https:\/\/allegro.pl\/charytatywni\/lepszy-start\" target=\"_blank\" rel=\"noopener\">Aukcje charytatywne Allegro dla Fundacji &#8222;Lepszy Start&#8221;<br \/>\n<\/a><\/strong><\/p>\n<p>Zach\u0119camy do licytowania odrobin\u0119 wi\u0119kszych kwot, pami\u0119taj\u0105c o celu jaki temu przy\u015bwieca \ud83d\ude42<\/p>\n<p><strong>Z g\u00f3ry serdecznie dzi\u0119kujemy!<\/strong>[\/vc_column_text][\/vc_tta_section][vc_tta_section title=&#8221;Serwis FaniMani&#8221; tab_id=&#8221;1516149835078-2548fcf0-b66e&#8221;][vc_column_text]Fundacja \u201eLepszy Start\u201d przyst\u0105pi\u0142a do serwisu Fundacji FaniMani.<br \/>\nJest to pierwszy w Polsce serwis wspieraj\u0105cy organizacje spo\u0142eczne, wykorzystuj\u0105c do tego zakupy online.<br \/>\nTeraz, robi\u0105c codzienne zakupy w ulubionych sklepach internetowych przez serwis FaniMani, mo\u017cna przy okazji, bez dodatkowych koszt\u00f3w, wspiera\u0107 wybran\u0105 organizacj\u0119 pozarz\u0105dow\u0105.<\/p>\n<p><strong><a href=\"http:\/\/youtu.be\/RsPX6SRwKnQ\" target=\"_blank\" rel=\"noopener\">Zobacz film i dowiedz si\u0119 jak to dzia\u0142a &gt;<\/a><\/strong><\/p>\n<p>Wystarczy, \u017ce podczas zakup\u00f3w wybior\u0105 Pa\u0144stwo Fundacj\u0119 \u201eLepszy Start\u201d z listy organizacji, a okre\u015blony procent od warto\u015bci transakcji zostanie przekazany w formie darowizny na konto Fundacji. Nale\u017cy pami\u0119ta\u0107, \u017ceby zawsze do sklepu wchodzi\u0107 poprzez\u00a0link, kt\u00f3ry pokieruje Pa\u0144stwa bezpo\u015brednio na stron\u0119 Fundacji \u201eLepszy Start\u201d w serwisie:\u00a0<strong><a href=\"https:\/\/fanimani.pl\/zbieramy\/fundacja-lepszy-start\/\" target=\"_blank\" rel=\"noopener\">https:\/\/fanimani.pl\/zbieramy\/fundacja-lepszy-start\/<\/a><\/strong><\/p>\n<p>Zach\u0119camy do przekazania powy\u017cszego linku wszystkim, kt\u00f3rzy mog\u0105 zechcie\u0107 wspiera\u0107 nas podczas robienia swoich zwyk\u0142ych zakup\u00f3w online.\u00a0Mo\u017cna to zrobi\u0107 na kilka sposob\u00f3w:<\/p>\n<ul>\n<li>Rozes\u0142a\u0107 maila do swoich znajomych i przyjaci\u00f3\u0142 zapraszaj\u0105c ich do wsparcia naszej inicjatywy<\/li>\n<li>Napisa\u0107 o mo\u017cliwo\u015bci wspierania na swoim Facebooku, mo\u017cna te\u017c utworzy\u0107 wydarzenia Facebook-owe i zaprosi\u0107 znajomych<\/li>\n<li>Udost\u0119pni\u0107 powy\u017cszy link na waszej stronie internetowej.<\/li>\n<\/ul>\n<p>Zach\u0119camy r\u00f3wnie\u017c do pobrania:<\/p>\n<ul>\n<li><strong><a href=\"http:\/\/przyladek.org.pl\/wp-content\/uploads\/2018\/01\/FaniMani_ulotka_ogolna.pdf\" target=\"_blank\" rel=\"noopener\">Ulotki og\u00f3lnej (PDF)<\/a>\u00a0<\/strong>zawieraj\u0105cej informacje o tym, jak dzia\u0142a FaniMani i jakie daje mo\u017cliwo\u015bci.<\/li>\n<li><strong><a href=\"http:\/\/przyladek.org.pl\/wp-content\/uploads\/2018\/01\/FaniMani_dla_Wspierajacych.pdf\" target=\"_blank\" rel=\"noopener\">Ulotki skierowanej do wspieraj\u0105cych (PDF)<\/a><\/strong>, w kt\u00f3rej w prosty i przejrzysty spos\u00f3b t\u0142umaczymy, jak robi\u0107 zakupy online i jednocze\u015bnie pomaga\u0107.<\/li>\n<\/ul>\n<p>[\/vc_column_text][\/vc_tta_section][\/vc_tta_tabs][\/vc_column][\/vc_row][vc_row][vc_column][\/vc_column][\/vc_row]<\/p>\n<\/div>","protected":false},"excerpt":{"rendered":"<p>[vc_row][vc_column][vc_column_text] Nasz\u0105 Fundacj\u0119 mog\u0105 Pa\u0144stwo wspiera\u0107 poprzez: Darowizn\u0119 Uczestnictwo w aukcjach charytatywnych naszej Fundacji na Allegro Zakupy online w serwisie FaniMani Przekazanie 1% podatku Serdecznie dzi\u0119kujemy<span class=\"excerpt-hellip\"> [\u2026]<\/span><\/p>\n","protected":false},"author":7,"featured_media":360,"parent":245,"menu_order":0,"comment_status":"closed","ping_status":"closed","template":"","meta":{"footnotes":""},"class_list":["post-313","page","type-page","status-publish","has-post-thumbnail","hentry"],"yoast_head":"<!-- This site is optimized with the Yoast SEO plugin v26.1.1 - https:\/\/yoast.com\/wordpress\/plugins\/seo\/ -->\n<title>Wesprzyj nas - Przyl\u0105dek<\/title>\n<meta name=\"robots\" content=\"index, follow, max-snippet:-1, max-image-preview:large, max-video-preview:-1\" \/>\n<link rel=\"canonical\" href=\"https:\/\/przyladek.org.pl\/index.php\/fundacja-lepszy-start\/wesprzyj-nas\/\" \/>\n<meta property=\"og:locale\" content=\"pl_PL\" \/>\n<meta property=\"og:type\" content=\"article\" \/>\n<meta property=\"og:title\" content=\"Wesprzyj nas - Przyl\u0105dek\" \/>\n<meta property=\"og:description\" content=\"[vc_row][vc_column][vc_column_text] Nasz\u0105 Fundacj\u0119 mog\u0105 Pa\u0144stwo wspiera\u0107 poprzez: Darowizn\u0119 Uczestnictwo w aukcjach charytatywnych naszej Fundacji na Allegro Zakupy online w serwisie FaniMani Przekazanie 1% podatku Serdecznie dzi\u0119kujemy [\u2026]\" \/>\n<meta property=\"og:url\" content=\"https:\/\/przyladek.org.pl\/index.php\/fundacja-lepszy-start\/wesprzyj-nas\/\" \/>\n<meta property=\"og:site_name\" content=\"Przyl\u0105dek\" \/>\n<meta property=\"article:modified_time\" content=\"2023-11-27T07:55:31+00:00\" \/>\n<meta property=\"og:image\" content=\"https:\/\/przyladek.org.pl\/wp-content\/uploads\/2018\/03\/Header-za\u0142o\u017cyciele-2.png\" \/>\n\t<meta property=\"og:image:width\" content=\"1920\" \/>\n\t<meta property=\"og:image:height\" content=\"520\" \/>\n\t<meta property=\"og:image:type\" content=\"image\/png\" \/>\n<meta name=\"twitter:card\" content=\"summary_large_image\" \/>\n<meta name=\"twitter:label1\" content=\"Szacowany czas czytania\" \/>\n\t<meta name=\"twitter:data1\" content=\"2 minuty\" \/>\n<script type=\"application\/ld+json\" class=\"yoast-schema-graph\">{\"@context\":\"https:\/\/schema.org\",\"@graph\":[{\"@type\":\"WebPage\",\"@id\":\"https:\/\/przyladek.org.pl\/index.php\/fundacja-lepszy-start\/wesprzyj-nas\/\",\"url\":\"https:\/\/przyladek.org.pl\/index.php\/fundacja-lepszy-start\/wesprzyj-nas\/\",\"name\":\"Wesprzyj nas - Przyl\u0105dek\",\"isPartOf\":{\"@id\":\"https:\/\/przyladek.org.pl\/#website\"},\"primaryImageOfPage\":{\"@id\":\"https:\/\/przyladek.org.pl\/index.php\/fundacja-lepszy-start\/wesprzyj-nas\/#primaryimage\"},\"image\":{\"@id\":\"https:\/\/przyladek.org.pl\/index.php\/fundacja-lepszy-start\/wesprzyj-nas\/#primaryimage\"},\"thumbnailUrl\":\"https:\/\/przyladek.org.pl\/wp-content\/uploads\/2018\/03\/Header-za\u0142o\u017cyciele-2.png\",\"datePublished\":\"2018-01-17T00:28:34+00:00\",\"dateModified\":\"2023-11-27T07:55:31+00:00\",\"breadcrumb\":{\"@id\":\"https:\/\/przyladek.org.pl\/index.php\/fundacja-lepszy-start\/wesprzyj-nas\/#breadcrumb\"},\"inLanguage\":\"pl-PL\",\"potentialAction\":[{\"@type\":\"ReadAction\",\"target\":[\"https:\/\/przyladek.org.pl\/index.php\/fundacja-lepszy-start\/wesprzyj-nas\/\"]}]},{\"@type\":\"ImageObject\",\"inLanguage\":\"pl-PL\",\"@id\":\"https:\/\/przyladek.org.pl\/index.php\/fundacja-lepszy-start\/wesprzyj-nas\/#primaryimage\",\"url\":\"https:\/\/przyladek.org.pl\/wp-content\/uploads\/2018\/03\/Header-za\u0142o\u017cyciele-2.png\",\"contentUrl\":\"https:\/\/przyladek.org.pl\/wp-content\/uploads\/2018\/03\/Header-za\u0142o\u017cyciele-2.png\",\"width\":1920,\"height\":520},{\"@type\":\"BreadcrumbList\",\"@id\":\"https:\/\/przyladek.org.pl\/index.php\/fundacja-lepszy-start\/wesprzyj-nas\/#breadcrumb\",\"itemListElement\":[{\"@type\":\"ListItem\",\"position\":1,\"name\":\"Strona g\u0142\u00f3wna\",\"item\":\"https:\/\/przyladek.org.pl\/\"},{\"@type\":\"ListItem\",\"position\":2,\"name\":\"Fundacja Lepszy Start\",\"item\":\"https:\/\/przyladek.org.pl\/index.php\/fundacja-lepszy-start\/\"},{\"@type\":\"ListItem\",\"position\":3,\"name\":\"Wesprzyj nas\"}]},{\"@type\":\"WebSite\",\"@id\":\"https:\/\/przyladek.org.pl\/#website\",\"url\":\"https:\/\/przyladek.org.pl\/\",\"name\":\"Przyl\u0105dek\",\"description\":\"\",\"potentialAction\":[{\"@type\":\"SearchAction\",\"target\":{\"@type\":\"EntryPoint\",\"urlTemplate\":\"https:\/\/przyladek.org.pl\/?s={search_term_string}\"},\"query-input\":{\"@type\":\"PropertyValueSpecification\",\"valueRequired\":true,\"valueName\":\"search_term_string\"}}],\"inLanguage\":\"pl-PL\"}]}<\/script>\n<!-- \/ Yoast SEO plugin. -->","yoast_head_json":{"title":"Wesprzyj nas - Przyl\u0105dek","robots":{"index":"index","follow":"follow","max-snippet":"max-snippet:-1","max-image-preview":"max-image-preview:large","max-video-preview":"max-video-preview:-1"},"canonical":"https:\/\/przyladek.org.pl\/index.php\/fundacja-lepszy-start\/wesprzyj-nas\/","og_locale":"pl_PL","og_type":"article","og_title":"Wesprzyj nas - Przyl\u0105dek","og_description":"[vc_row][vc_column][vc_column_text] Nasz\u0105 Fundacj\u0119 mog\u0105 Pa\u0144stwo wspiera\u0107 poprzez: Darowizn\u0119 Uczestnictwo w aukcjach charytatywnych naszej Fundacji na Allegro Zakupy online w serwisie FaniMani Przekazanie 1% podatku Serdecznie dzi\u0119kujemy [\u2026]","og_url":"https:\/\/przyladek.org.pl\/index.php\/fundacja-lepszy-start\/wesprzyj-nas\/","og_site_name":"Przyl\u0105dek","article_modified_time":"2023-11-27T07:55:31+00:00","og_image":[{"width":1920,"height":520,"url":"https:\/\/przyladek.org.pl\/wp-content\/uploads\/2018\/03\/Header-za\u0142o\u017cyciele-2.png","type":"image\/png"}],"twitter_card":"summary_large_image","twitter_misc":{"Szacowany czas czytania":"2 minuty"},"schema":{"@context":"https:\/\/schema.org","@graph":[{"@type":"WebPage","@id":"https:\/\/przyladek.org.pl\/index.php\/fundacja-lepszy-start\/wesprzyj-nas\/","url":"https:\/\/przyladek.org.pl\/index.php\/fundacja-lepszy-start\/wesprzyj-nas\/","name":"Wesprzyj nas - Przyl\u0105dek","isPartOf":{"@id":"https:\/\/przyladek.org.pl\/#website"},"primaryImageOfPage":{"@id":"https:\/\/przyladek.org.pl\/index.php\/fundacja-lepszy-start\/wesprzyj-nas\/#primaryimage"},"image":{"@id":"https:\/\/przyladek.org.pl\/index.php\/fundacja-lepszy-start\/wesprzyj-nas\/#primaryimage"},"thumbnailUrl":"https:\/\/przyladek.org.pl\/wp-content\/uploads\/2018\/03\/Header-za\u0142o\u017cyciele-2.png","datePublished":"2018-01-17T00:28:34+00:00","dateModified":"2023-11-27T07:55:31+00:00","breadcrumb":{"@id":"https:\/\/przyladek.org.pl\/index.php\/fundacja-lepszy-start\/wesprzyj-nas\/#breadcrumb"},"inLanguage":"pl-PL","potentialAction":[{"@type":"ReadAction","target":["https:\/\/przyladek.org.pl\/index.php\/fundacja-lepszy-start\/wesprzyj-nas\/"]}]},{"@type":"ImageObject","inLanguage":"pl-PL","@id":"https:\/\/przyladek.org.pl\/index.php\/fundacja-lepszy-start\/wesprzyj-nas\/#primaryimage","url":"https:\/\/przyladek.org.pl\/wp-content\/uploads\/2018\/03\/Header-za\u0142o\u017cyciele-2.png","contentUrl":"https:\/\/przyladek.org.pl\/wp-content\/uploads\/2018\/03\/Header-za\u0142o\u017cyciele-2.png","width":1920,"height":520},{"@type":"BreadcrumbList","@id":"https:\/\/przyladek.org.pl\/index.php\/fundacja-lepszy-start\/wesprzyj-nas\/#breadcrumb","itemListElement":[{"@type":"ListItem","position":1,"name":"Strona g\u0142\u00f3wna","item":"https:\/\/przyladek.org.pl\/"},{"@type":"ListItem","position":2,"name":"Fundacja Lepszy Start","item":"https:\/\/przyladek.org.pl\/index.php\/fundacja-lepszy-start\/"},{"@type":"ListItem","position":3,"name":"Wesprzyj nas"}]},{"@type":"WebSite","@id":"https:\/\/przyladek.org.pl\/#website","url":"https:\/\/przyladek.org.pl\/","name":"Przyl\u0105dek","description":"","potentialAction":[{"@type":"SearchAction","target":{"@type":"EntryPoint","urlTemplate":"https:\/\/przyladek.org.pl\/?s={search_term_string}"},"query-input":{"@type":"PropertyValueSpecification","valueRequired":true,"valueName":"search_term_string"}}],"inLanguage":"pl-PL"}]}},"_links":{"self":[{"href":"https:\/\/przyladek.org.pl\/index.php\/wp-json\/wp\/v2\/pages\/313","targetHints":{"allow":["GET"]}}],"collection":[{"href":"https:\/\/przyladek.org.pl\/index.php\/wp-json\/wp\/v2\/pages"}],"about":[{"href":"https:\/\/przyladek.org.pl\/index.php\/wp-json\/wp\/v2\/types\/page"}],"author":[{"embeddable":true,"href":"https:\/\/przyladek.org.pl\/index.php\/wp-json\/wp\/v2\/users\/7"}],"replies":[{"embeddable":true,"href":"https:\/\/przyladek.org.pl\/index.php\/wp-json\/wp\/v2\/comments?post=313"}],"version-history":[{"count":11,"href":"https:\/\/przyladek.org.pl\/index.php\/wp-json\/wp\/v2\/pages\/313\/revisions"}],"predecessor-version":[{"id":1252,"href":"https:\/\/przyladek.org.pl\/index.php\/wp-json\/wp\/v2\/pages\/313\/revisions\/1252"}],"up":[{"embeddable":true,"href":"https:\/\/przyladek.org.pl\/index.php\/wp-json\/wp\/v2\/pages\/245"}],"wp:featuredmedia":[{"embeddable":true,"href":"https:\/\/przyladek.org.pl\/index.php\/wp-json\/wp\/v2\/media\/360"}],"wp:attachment":[{"href":"https:\/\/przyladek.org.pl\/index.php\/wp-json\/wp\/v2\/media?parent=313"}],"curies":[{"name":"wp","href":"https:\/\/api.w.org\/{rel}","templated":true}]}}